 is divided by 83?
18
What is the remainder when 103977 is divided by 34658?
3
What is the remainder when 3941 is divided by 655?
11
What is the remainder when 685066 is divided by 11?
8
What is the remainder when 770 is divided by 420?
350
Calculate the remainder when 399733 is divided by 405.
403
What is the remainder when 4904 is divided by 2445?
14
What is the remainder when 8799 is divided by 100?
99
Calculate the remainder when 70603 is divided by 17647.
15
Calculate the remainder when 99366 is divided by 523.
519
What is the remainder when 794548 is divided by 22?
18
What is the remainder when 2648 is divided by 192?
152
What is the remainder when 5200 is divided by 554?
214
What is the remainder when 10863 is divided by 390?
333
Calculate the remainder when 1707 is divided by 16.
11
Calculate the remainder when 18091 is divided by 2578.
45
Calculate the remainder when 154969 is divided by 201.
199
What is the remainder when 340827 is divided by 35?
32
Calculate the remainder when 1207 is divided by 576.
55
Calculate the remainder when 44706 is divided by 452.
410
What is the remainder when 2724 is divided by 51?
21
Calculate the remainder when 10996 is divided by 785.
6
What is the remainder when 12019 is divided by 1968?
211
What is the remainder when 24026 is divided by 55?
46
What is the remainder when 1425919 is divided by 256?
255
Calculate the remainder when 68044 is divided by 140.
4
What is the remainder when 77763 is divided by 12960?
3
What is the remainder when 17156093 is divided by 73?
71
Calculate the remainder when 6813 is divided by 1156.
1033
Calculate the remainder when 244994 is divided by 92.
90
Calculate the remainder when 573 is divided by 136.
29
Calculate the remainder when 20019 is divided by 4747.
1031
What is the remainder when 23679 is divided by 5903?
67
Calculate the remainder when 332559 is divided by 75.
9
What is the remainder when 7947508 is divided by 285?
283
Calculate the remainder when 2024 is divided by 107.
98
Calculate the remainder when 404 is divided by 126.
26
What is the remainder when 3499 is divided by 3485?
14
What is the remainder when 104863 is divided by 1416?
79
Calculate the remainder when 1448 is divided by 120.
8
Calculate the remainder when 16013 is divided by 895.
798
What is the remainder when 3610 is divided by 173?
150
Calculate the remainder when 47751 is divided by 5948.
167
What is the remainder when 71236 is divided by 50?
36
Calculate the remainder when 6900 is divided by 34.
32
Calculate the remainder when 32346 is divided by 10464.
954
What is the remainder when 910 is divided by 173?
45
What is the remainder when 4086 is divided by 13?
4
What is the remainder when 520698 is divided by 205?
203
Calculate the remainder when 5474 is divided by 276.
230
What is the remainder when 6736 is divided by 177?
10
Calculate the remainder when 14127 is divided by 1558.
105
What is the remainder when 17699 is divided by 317?
264
What is the remainder when 4650 is divided by 1523?
81
What is the remainder when 3117924 is divided by 7?
5
Calculate the remainder when 44317 is divided by 82.
37
Calculate the remainder when 12521 is divided by 255.
26
Calculate the remainder when 15733 is divided by 828.
1
What is the remainder when 110238 is divided by 36741?
15
Calculate the remainder when 132282 is divided by 66139.
4
Calculate the remainder when 23238 is divided by 237.
12
What is the remainder when 384297 is divided by 549?
546
What is the remainder when 4722 is divided by 664?
74
What is the remainder when 1008 is divided by 327?
27
Calculate the remainder when 657 is divided by 298.
61
What is the remainder when 2476596 is divided by 73?
71
What is the remainder when 3261 is divided by 40?
21
What is the remainder when 577444 is divided by 11?
10
What is the remainder when 2676 is divided by 149?
143
Calculate the remainder when 585 is divided by 385.
200
What is the remainder when 44841 is divided by 2802?
9
What is the remainder when 31806 is divided by 10560?
126
Calculate the remainder when 521000 is divided by 65.
25
Calculate the remainder when 7277 is divided by 97.
2
What is the remainder when 57149 is divided by 75?
74
Calculate the remainder when 4595 is divided by 759.
41
What is the remainder when 4750 is divided by 790?
10
Calculate the remainder when 67345 is divided by 4.
1
Calculate the remainder when 51506 is divided by 1198.
1190
What is the remainder when 1005 is divided by 244?
29
Calculate the remainder when 1727 is divided by 267.
125
What is the remainder when 2703 is divided by 20?
3
What is the remainder when 6194 is divided by 281?
12
What is the remainder when 27410 is divided by 340?
210
What is the remainder when 251414 is divided by 62?
4
Calculate the remainder when 161189 is divided by 7675.
14
What is the remainder when 91908 is divided by 70?
68
Calculate the remainder when 9794 is divided by 100.
94
Calculate the remainder when 18805 is divided by 678.
499
Calculate the remainder when 898448 is divided by 27.
23
What is the remainder when 715008 is divided by 42?
0
What is the remainder when 58589 is divided by 87?
38
Calculate the remainder when 15383 is divided by 15140.
243
What is the remainder when 276739 is divided by 317?
315
What is the remainder when 1015575 is divided by 37?
36
Calculate the remainder when 752 is divided by 377.
375
Calculate the remainder when 782 is divided by 344.
94
What is the remainder when 190725 is divided by 228?
117
Calculate the remainder when 5740 is divided by 2809.
122
Calculate the remainder when 2110 is divided by 795.
520
Calculate the remainder when 47342 is divided by 24.
14
Calculate the remainder when 163474 is divided by 38.
36
What is the remainder when 53139 is divided by 984?
3
What is the remainder when 136760 is divided by 17087?
64
What is the remainder when 2822 is divided by 19?
10
What is the remainder when 10013 is divided by 132?
113
Calculate the remainder when 90606 is divided by 302.
6
What is the remainder when 41585 is divided by 94?
37
Calculate the remainder when 15634 is divided by 492.
382
Calculate the remainder when 16819 is divided by 37.
21
What is the remainder when 1199 is divided by 1185?
14
What is the remainder when 1672 is divided by 572?
528
Calculate the remainder when 11888 is divided by 1980.
8
Calculate the remainder when 414833 is divided by 18855.
23
What is the remainder when 148368 is divided by 137?
134
What is the remainder when 47229 is divided by 1888?
29
Calculate the remainder when 9114 is divided by 348.
66
Calculate the remainder when 32599 is divided by 10858.
25
What is the remainder when 2841 is divided by 21?
6
Calculate the remainder when 46673 is divided by 9.
8
Calculate the remainder when 37383 is divided by 18204.
975
Calculate the remainder when 9065 is divided by 24.
17
What is the remainder when 359428 is divided by 131?
95
What is the remainder when 2011 is divided by 281?
44
Calculate the remainder when 4849 is divided by 534.
43
Calculate the remainder when 83900 is divided by 13.
11
Calculate the remainder when 395829 is divided by 32.
21
What is the remainder when 6997 is divided by 1718?
125
Calculate the remainder when 27205 is divided by 147.
10
Calculate the remainder when 17770 is divided by 176.
170
What is the remainder when 85917 is divided by 60?
57
What is the remainder when 3496 is divided by 37?
18
What is the remainder when 59743 is divided by 5427?
46
What is the remainder when 729061 is divided by 59?
57
What is the remainder when 3258 is divided by 191?
11
What is the remainder when 1074 is divided by 6?
0
What is the remainder when 383018 is divided by 483?
482
What is the remainder when 83038 is divided by 1628?
10
Calculate the remainder when 27624 is divided by 9199.
27
What is the remainder when 1068 is divided by 829?
239
Calculate the remainder when 350 is divided by 109.
23
Calculate the remainder when 633 is divided by 273.
87
Calculate the remainder when 28754 is divided by 52.
50
What is the remainder when 975 is divided by 969?
6
What is the remainder when 33032 is divided by 1834?
20
Calculate the remainder when 796 is divided by 39.
16
What is the remainder when 1733 is divided by 354?
317
What is the